{"id":181,"date":"2014-06-04T16:10:38","date_gmt":"2014-06-04T16:10:38","guid":{"rendered":"http:\/\/wordpress.intranet\/?page_id=181"},"modified":"2022-09-20T09:00:57","modified_gmt":"2022-09-20T09:00:57","slug":"messe","status":"publish","type":"page","link":"https:\/\/www.duomocividale.it\/?page_id=181","title":{"rendered":"Orari Sante Messe ed altre celebrazioni"},"content":{"rendered":"<div class=\"panel-grid\" id=\"pg-181-0\" ><div style=\"border-top: 1px solid #995e07; \" class=\"panel-row-style\" ><div class=\"panel-grid-cell\" id=\"pgc-181-0-0\" ><div class=\"panel widget widget_text panel-first-child panel-last-child\" id=\"panel-181-0-0-0\"><h3 class=\"widget-title\">Domenica<\/h3>\t\t\t<div class=\"textwidget\"><p>8.30<br \/>\n10.30 Messa parrocchiale<br \/>\n17.30 (ora legale 18.30) Vesperi<br \/>\n18.00 (ora legale 19.00)<\/p>\n<\/div>\n\t\t<\/div><\/div><div class=\"panel-grid-cell\" id=\"pgc-181-0-1\" ><div class=\"panel widget widget_text panel-first-child panel-last-child\" id=\"panel-181-0-1-0\"><h3 class=\"widget-title\">Luned\u00ec <\/h3>\t\t\t<div class=\"textwidget\"><p>8.00<br \/>\n8,30 Lodi<\/p>\n<\/div>\n\t\t<\/div><\/div><div class=\"panel-grid-cell\" id=\"pgc-181-0-2\" ><div class=\"panel widget widget_text panel-first-child panel-last-child\" id=\"panel-181-0-2-0\"><h3 class=\"widget-title\">Marted\u00ec <\/h3>\t\t\t<div class=\"textwidget\"><p>8.00<br \/>\n8,30 Lodi<\/p>\n<\/div>\n\t\t<\/div><\/div><div class=\"panel-grid-cell\" id=\"pgc-181-0-3\" ><div class=\"panel widget widget_text panel-first-child panel-last-child\" id=\"panel-181-0-3-0\"><h3 class=\"widget-title\">Mercoled\u00ec <\/h3>\t\t\t<div class=\"textwidget\"><p>8.00<br \/>\n8,30 Lodi<\/p>\n<\/div>\n\t\t<\/div><\/div><\/div><\/div><div class=\"panel-grid\" id=\"pg-181-1\" ><div style=\"border-top: 1px solid #995e07; border-bottom: 1px solid #995e07; \" class=\"panel-row-style\" ><div class=\"panel-grid-cell\" id=\"pgc-181-1-0\" ><div class=\"panel widget widget_text panel-first-child panel-last-child\" id=\"panel-181-1-0-0\"><h3 class=\"widget-title\">Gioved\u00ec<\/h3>\t\t\t<div class=\"textwidget\"><p>8.00<br \/>\n8,30 Lodi<\/p>\n<\/div>\n\t\t<\/div><\/div><div class=\"panel-grid-cell\" id=\"pgc-181-1-1\" ><div class=\"panel widget widget_text panel-first-child panel-last-child\" id=\"panel-181-1-1-0\"><h3 class=\"widget-title\">Venerd\u00ec <\/h3>\t\t\t<div class=\"textwidget\"><p>8.00<br \/>\n8,30 Lodi<\/p>\n<\/div>\n\t\t<\/div><\/div><div class=\"panel-grid-cell\" id=\"pgc-181-1-2\" ><div class=\"panel widget widget_text panel-first-child panel-last-child\" id=\"panel-181-1-2-0\"><h3 class=\"widget-title\">Sabato<\/h3>\t\t\t<div class=\"textwidget\"><p>8.00<br \/>\n8,30 Lodi<br \/>\n15,30 - 16,30 Confessioni<br \/>\n19.00 <\/p>\n<\/div>\n\t\t<\/div><\/div><div class=\"panel-grid-cell\" id=\"pgc-181-1-3\" ><div class=\"panel widget widget_text panel-first-child panel-last-child\" id=\"panel-181-1-3-0\"><h3 class=\"widget-title\">Domenica <\/h3>\t\t\t<div class=\"textwidget\"><p>8.30<br \/>\n10.30 Messa parrocchiale<br \/>\n17.30 (ora legale 18.30) Vesperi<br \/>\n18.00 (ora legale 19.00)<\/p>\n<\/div>\n\t\t<\/div><\/div><\/div><\/div><div class=\"panel-grid\" id=\"pg-181-2\" ><div class=\"panel-grid-cell\" id=\"pgc-181-2-0\" >&nbsp;<\/div><div class=\"panel-grid-cell\" id=\"pgc-181-2-1\" >&nbsp;<\/div><div class=\"panel-grid-cell\" id=\"pgc-181-2-2\" ><div class=\"panel widget widget_text panel-first-child panel-last-child\" id=\"panel-181-2-2-0\"><h3 class=\"widget-title\">Sante Messe cappella dell&#8217;Ospedale<\/h3>\t\t\t<div class=\"textwidget\"><p>Non c'\u00e8 Messa<\/p>\n<\/div>\n\t\t<\/div><\/div><div class=\"panel-grid-cell\" id=\"pgc-181-2-3\" ><div class=\"panel widget widget_text panel-first-child panel-last-child\" id=\"panel-181-2-3-0\"><h3 class=\"widget-title\">Sante Messe Chiesa Casa di Riposo<\/h3>\t\t\t<div class=\"textwidget\">Domenica ore 16.00<\/div>\n\t\t<\/div><\/div><\/div>","protected":false},"excerpt":{"rendered":"<p>Domenica 8.30 10.30 Messa parrocchiale 17.30 (ora legale 18.30) Vesperi 18.00 (ora legale 19.00) Luned\u00ec 8.00 8,30 Lodi Marted\u00ec 8.00 8,30 Lodi Mercoled\u00ec 8.00 8,30 Lodi Gioved\u00ec 8.00 8,30 Lodi Venerd\u00ec 8.00 8,30 Lodi Sabato 8.00 8,30 Lodi 15,30 &#8211; 16,30 Confessioni 19.00 Domenica 8.30 10.30 Messa parrocchiale 17.30 (ora legale 18.30) Vesperi 18.00 (ora [&hellip;]<\/p>\n","protected":false},"author":1,"featured_media":0,"parent":245,"menu_order":0,"comment_status":"closed","ping_status":"closed","template":"templates\/template-full.php","meta":{"footnotes":""},"class_list":["post-181","page","type-page","status-publish","hentry","post"],"_links":{"self":[{"href":"https:\/\/www.duomocividale.it\/index.php?rest_route=\/wp\/v2\/pages\/181","targetHints":{"allow":["GET"]}}],"collection":[{"href":"https:\/\/www.duomocividale.it\/index.php?rest_route=\/wp\/v2\/pages"}],"about":[{"href":"https:\/\/www.duomocividale.it\/index.php?rest_route=\/wp\/v2\/types\/page"}],"author":[{"embeddable":true,"href":"https:\/\/www.duomocividale.it\/index.php?rest_route=\/wp\/v2\/users\/1"}],"replies":[{"embeddable":true,"href":"https:\/\/www.duomocividale.it\/index.php?rest_route=%2Fwp%2Fv2%2Fcomments&post=181"}],"version-history":[{"count":24,"href":"https:\/\/www.duomocividale.it\/index.php?rest_route=\/wp\/v2\/pages\/181\/revisions"}],"predecessor-version":[{"id":984,"href":"https:\/\/www.duomocividale.it\/index.php?rest_route=\/wp\/v2\/pages\/181\/revisions\/984"}],"up":[{"embeddable":true,"href":"https:\/\/www.duomocividale.it\/index.php?rest_route=\/wp\/v2\/pages\/245"}],"wp:attachment":[{"href":"https:\/\/www.duomocividale.it\/index.php?rest_route=%2Fwp%2Fv2%2Fmedia&parent=181"}],"curies":[{"name":"wp","href":"https:\/\/api.w.org\/{rel}","templated":true}]}}

<div class="panel-grid" id="pg-181-0" ><div style="border-top: 1px solid #995e07; " class="panel-row-style" ><div class="panel-grid-cell" id="pgc-181-0-0" ><div class="panel widget widget_text panel-first-child panel-last-child" id="panel-181-0-0-0"><h3 class="widget-title">Domenica</h3>			<div class="textwidget"><p>8.30<br />
10.30 Messa parrocchiale<br />
17.30 (ora legale 18.30) Vesperi<br />
18.00 (ora legale 19.00)</p>
</div>
		</div></div><div class="panel-grid-cell" id="pgc-181-0-1" ><div class="panel widget widget_text panel-first-child panel-last-child" id="panel-181-0-1-0"><h3 class="widget-title">Lunedì </h3>			<div class="textwidget"><p>8.00<br />
8,30 Lodi</p>
</div>
		</div></div><div class="panel-grid-cell" id="pgc-181-0-2" ><div class="panel widget widget_text panel-first-child panel-last-child" id="panel-181-0-2-0"><h3 class="widget-title">Martedì </h3>			<div class="textwidget"><p>8.00<br />
8,30 Lodi</p>
</div>
		</div></div><div class="panel-grid-cell" id="pgc-181-0-3" ><div class="panel widget widget_text panel-first-child panel-last-child" id="panel-181-0-3-0"><h3 class="widget-title">Mercoledì </h3>			<div class="textwidget"><p>8.00<br />
8,30 Lodi</p>
</div>
		</div></div></div></div><div class="panel-grid" id="pg-181-1" ><div style="border-top: 1px solid #995e07; border-bottom: 1px solid #995e07; " class="panel-row-style" ><div class="panel-grid-cell" id="pgc-181-1-0" ><div class="panel widget widget_text panel-first-child panel-last-child" id="panel-181-1-0-0"><h3 class="widget-title">Giovedì</h3>			<div class="textwidget"><p>8.00<br />
8,30 Lodi</p>
</div>
		</div></div><div class="panel-grid-cell" id="pgc-181-1-1" ><div class="panel widget widget_text panel-first-child panel-last-child" id="panel-181-1-1-0"><h3 class="widget-title">Venerdì </h3>			<div class="textwidget"><p>8.00<br />
8,30 Lodi</p>
</div>
		</div></div><div class="panel-grid-cell" id="pgc-181-1-2" ><div class="panel widget widget_text panel-first-child panel-last-child" id="panel-181-1-2-0"><h3 class="widget-title">Sabato</h3>			<div class="textwidget"><p>8.00<br />
8,30 Lodi<br />
15,30 - 16,30 Confessioni<br />
19.00 </p>
</div>
		</div></div><div class="panel-grid-cell" id="pgc-181-1-3" ><div class="panel widget widget_text panel-first-child panel-last-child" id="panel-181-1-3-0"><h3 class="widget-title">Domenica </h3>			<div class="textwidget"><p>8.30<br />
10.30 Messa parrocchiale<br />
17.30 (ora legale 18.30) Vesperi<br />
18.00 (ora legale 19.00)</p>
</div>
		</div></div></div></div><div class="panel-grid" id="pg-181-2" ><div class="panel-grid-cell" id="pgc-181-2-0" >&nbsp;</div><div class="panel-grid-cell" id="pgc-181-2-1" >&nbsp;</div><div class="panel-grid-cell" id="pgc-181-2-2" ><div class="panel widget widget_text panel-first-child panel-last-child" id="panel-181-2-2-0"><h3 class="widget-title">Sante Messe cappella dell&#8217;Ospedale</h3>			<div class="textwidget"><p>Non c'è Messa</p>
</div>
		</div></div><div class="panel-grid-cell" id="pgc-181-2-3" ><div class="panel widget widget_text panel-first-child panel-last-child" id="panel-181-2-3-0"><h3 class="widget-title">Sante Messe Chiesa Casa di Riposo</h3>			<div class="textwidget">Domenica ore 16.00</div>
		</div></div></div>

<p>Domenica 8.30 10.30 Messa parrocchiale 17.30 (ora legale 18.30) Vesperi 18.00 (ora legale 19.00) Lunedì 8.00 8,30 Lodi Martedì 8.00 8,30 Lodi Mercoledì 8.00 8,30 Lodi Giovedì 8.00 8,30 Lodi Venerdì 8.00 8,30 Lodi Sabato 8.00 8,30 Lodi 15,30 &#8211; 16,30 Confessioni 19.00 Domenica 8.30 10.30 Messa parrocchiale 17.30 (ora legale 18.30) Vesperi 18.00 (ora [&hellip;]</p>
