{"id":40,"date":"2025-03-06T08:27:05","date_gmt":"2025-03-06T08:27:05","guid":{"rendered":"http:\/\/wordpress.intranet\/?page_id=40"},"modified":"2025-03-06T22:18:30","modified_gmt":"2025-03-06T22:18:30","slug":"catechesi-bambini","status":"publish","type":"page","link":"https:\/\/www.duomocividale.it\/?page_id=40","title":{"rendered":"Catechesi bambini"},"content":{"rendered":"<div class=\"panel-grid\" id=\"pg-40-0\" ><div class=\"panel-grid-cell\" id=\"pgc-40-0-0\" ><div class=\"panel widget widget_text panel-first-child\" id=\"panel-40-0-0-0\"><h3 class=\"widget-title\">ORARIO DI CATECHISMO<\/h3>\t\t\t<div class=\"textwidget\"><p>LUNEDI' dalle ore 16.30 alle ore 17.30<br \/>\noppure<br \/>\nMERCOLEDI' dalle ore 16.30 alle ore 17.30<\/p>\n<p>Gli incontri si tengono presso le aule di dottrina e il  Centro S. Francesco<\/p>\n<p>La catechesi per i bambini inizia con la prima elementare e li accompagna fino alla quinta.<br \/>\nIl percorso \u00e8 aderente alle indicazioni della C.E.I. con le integrazioni suggerite dalla Diocesi di Udine.<br \/>\nLa catechesi \u00e8 svolta dalle catechiste (per ora tutte donne) negli spazi del Centro San Francesco, il luned\u00ec ed il mercoled\u00ec dalle ore 16.30 alle 17.30.<\/p>\n<\/div>\n\t\t<\/div><div class=\"panel widget widget_sow-button\" id=\"panel-40-0-0-1\"><div class=\"so-widget-sow-button so-widget-sow-button-flat-ff695a64aee3\"><div class=\"ow-button-base ow-button-align-right\">\n\n\t\n\t<a class=\"ow-button-hover\" target=\"_blank\" href=\"http:\/\/www.diocesiudine.it\/catechesi_2013\/00039533_Catechesi_2013.html\" >\n\t\t<span>\n\t\t\t<div class=\"sow-icon-image\" style=\"background-image: url(https:\/\/www.duomocividale.it\/wp-content\/uploads\/2014\/06\/logo_img.png)\"><\/div>\n\t\t\tDiocesi di Udine\t\t<\/span>\n\t<\/a>\n<\/div><\/div><\/div><div class=\"panel widget widget_text panel-last-child\" id=\"panel-40-0-0-2\"><h3 class=\"widget-title\">ISCRIZIONI ANNO 2019-2020<\/h3>\t\t\t<div class=\"textwidget\"><p>Iscrizioni a catechismo per le classi elementari 2019-2020:<br \/>\n13 settembre, dalle ore 16.30 alle ore 18.00 e sabato 14 settembre dalle ore 10.00 alle ore 11.00.<\/p>\n<p>Gli incontri si tengono il luned\u00ec ed il mercoled\u00ec<br \/>\ndalle ore 16.30 alle 17.30 presso le aule di dottirina del Centro San Francesco.<\/p>\n<\/div>\n\t\t<\/div><\/div><\/div><div class=\"panel-grid\" id=\"pg-40-1\" ><div class=\"panel-grid-cell\" id=\"pgc-40-1-0\" >&nbsp;<\/div><div class=\"panel-grid-cell\" id=\"pgc-40-1-1\" >&nbsp;<\/div><div class=\"panel-grid-cell\" id=\"pgc-40-1-2\" >&nbsp;<\/div><\/div>","protected":false},"excerpt":{"rendered":"<p>ORARIO DI CATECHISMO LUNEDI&#8217; dalle ore 16.30 alle ore 17.30 oppure MERCOLEDI&#8217; dalle ore 16.30 alle ore 17.30 Gli incontri si tengono presso le aule di dottrina e il Centro S. Francesco La catechesi per i bambini inizia con la prima elementare e li accompagna fino alla quinta. Il percorso \u00e8 aderente alle indicazioni della [&hellip;]<\/p>\n","protected":false},"author":1,"featured_media":0,"parent":2,"menu_order":0,"comment_status":"closed","ping_status":"closed","template":"","meta":{"footnotes":""},"class_list":["post-40","page","type-page","status-publish","hentry","post"],"_links":{"self":[{"href":"https:\/\/www.duomocividale.it\/index.php?rest_route=\/wp\/v2\/pages\/40","targetHints":{"allow":["GET"]}}],"collection":[{"href":"https:\/\/www.duomocividale.it\/index.php?rest_route=\/wp\/v2\/pages"}],"about":[{"href":"https:\/\/www.duomocividale.it\/index.php?rest_route=\/wp\/v2\/types\/page"}],"author":[{"embeddable":true,"href":"https:\/\/www.duomocividale.it\/index.php?rest_route=\/wp\/v2\/users\/1"}],"replies":[{"embeddable":true,"href":"https:\/\/www.duomocividale.it\/index.php?rest_route=%2Fwp%2Fv2%2Fcomments&post=40"}],"version-history":[{"count":42,"href":"https:\/\/www.duomocividale.it\/index.php?rest_route=\/wp\/v2\/pages\/40\/revisions"}],"predecessor-version":[{"id":5809,"href":"https:\/\/www.duomocividale.it\/index.php?rest_route=\/wp\/v2\/pages\/40\/revisions\/5809"}],"up":[{"embeddable":true,"href":"https:\/\/www.duomocividale.it\/index.php?rest_route=\/wp\/v2\/pages\/2"}],"wp:attachment":[{"href":"https:\/\/www.duomocividale.it\/index.php?rest_route=%2Fwp%2Fv2%2Fmedia&parent=40"}],"curies":[{"name":"wp","href":"https:\/\/api.w.org\/{rel}","templated":true}]}}

<div class="panel-grid" id="pg-40-0" ><div class="panel-grid-cell" id="pgc-40-0-0" ><div class="panel widget widget_text panel-first-child" id="panel-40-0-0-0"><h3 class="widget-title">ORARIO DI CATECHISMO</h3>			<div class="textwidget"><p>LUNEDI' dalle ore 16.30 alle ore 17.30<br />
oppure<br />
MERCOLEDI' dalle ore 16.30 alle ore 17.30</p>
<p>Gli incontri si tengono presso le aule di dottrina e il  Centro S. Francesco</p>
<p>La catechesi per i bambini inizia con la prima elementare e li accompagna fino alla quinta.<br />
Il percorso è aderente alle indicazioni della C.E.I. con le integrazioni suggerite dalla Diocesi di Udine.<br />
La catechesi è svolta dalle catechiste (per ora tutte donne) negli spazi del Centro San Francesco, il lunedì ed il mercoledì dalle ore 16.30 alle 17.30.</p>
</div>
		</div><div class="panel widget widget_sow-button" id="panel-40-0-0-1"><div class="so-widget-sow-button so-widget-sow-button-flat-ff695a64aee3"><div class="ow-button-base ow-button-align-right">

	
	<a class="ow-button-hover" target="_blank" href="http://www.diocesiudine.it/catechesi_2013/00039533_Catechesi_2013.html" >
		<span>
			<div class="sow-icon-image" style="background-image: url(https://www.duomocividale.it/wp-content/uploads/2014/06/logo_img.png)"></div>
			Diocesi di Udine		</span>
	</a>
</div></div></div><div class="panel widget widget_text panel-last-child" id="panel-40-0-0-2"><h3 class="widget-title">ISCRIZIONI ANNO 2019-2020</h3>			<div class="textwidget"><p>Iscrizioni a catechismo per le classi elementari 2019-2020:<br />
13 settembre, dalle ore 16.30 alle ore 18.00 e sabato 14 settembre dalle ore 10.00 alle ore 11.00.</p>
<p>Gli incontri si tengono il lunedì ed il mercoledì<br />
dalle ore 16.30 alle 17.30 presso le aule di dottirina del Centro San Francesco.</p>
</div>
		</div></div></div><div class="panel-grid" id="pg-40-1" ><div class="panel-grid-cell" id="pgc-40-1-0" >&nbsp;</div><div class="panel-grid-cell" id="pgc-40-1-1" >&nbsp;</div><div class="panel-grid-cell" id="pgc-40-1-2" >&nbsp;</div></div>

<p>ORARIO DI CATECHISMO LUNEDI&#8217; dalle ore 16.30 alle ore 17.30 oppure MERCOLEDI&#8217; dalle ore 16.30 alle ore 17.30 Gli incontri si tengono presso le aule di dottrina e il Centro S. Francesco La catechesi per i bambini inizia con la prima elementare e li accompagna fino alla quinta. Il percorso è aderente alle indicazioni della [&hellip;]</p>
